{"version":"1.0","provider_name":"France Aviation Civile Services","provider_url":"https:\/\/fracs.aero\/fr\/","title":"Recherchons un charg\u00e9 de projet et responsable qualit\u00e9 - France Aviation Civile Services","type":"rich","width":600,"height":338,"html":"<blockquote class=\"wp-embedded-content\" data-secret=\"XZhPUTRohp\"><a href=\"https:\/\/fracs.aero\/fr\/2015\/01\/05\/recherchons-un-charge-de-projet-et-responsable-qualite\/\">Recherchons un charg\u00e9 de projet et responsable qualit\u00e9<\/a><\/blockquote><iframe sandbox=\"allow-scripts\" security=\"restricted\" src=\"https:\/\/fracs.aero\/fr\/2015\/01\/05\/recherchons-un-charge-de-projet-et-responsable-qualite\/embed\/#?secret=XZhPUTRohp\" width=\"600\" height=\"338\" title=\"\u00ab\u00a0Recherchons un charg\u00e9 de projet et responsable qualit\u00e9\u00a0\u00bb &#8212; France Aviation Civile Services\" data-secret=\"XZhPUTRohp\" frameborder=\"0\" marginwidth=\"0\" marginheight=\"0\" scrolling=\"no\" class=\"wp-embedded-content\"><\/iframe><script type=\"text\/javascript\">\n\/* <![CDATA[ *\/\n\/*! This file is auto-generated *\/\n!function(d,l){\"use strict\";l.querySelector&&d.addEventListener&&\"undefined\"!=typeof URL&&(d.wp=d.wp||{},d.wp.receiveEmbedMessage||(d.wp.receiveEmbedMessage=function(e){var t=e.data;if((t||t.secret||t.message||t.value)&&!\/[^a-zA-Z0-9]\/.test(t.secret)){for(var s,r,n,a=l.querySelectorAll('iframe[data-secret=\"'+t.secret+'\"]'),o=l.querySelectorAll('blockquote[data-secret=\"'+t.secret+'\"]'),c=new RegExp(\"^https?:$\",\"i\"),i=0;i<o.length;i++)o[i].style.display=\"none\";for(i=0;i<a.length;i++)s=a[i],e.source===s.contentWindow&&(s.removeAttribute(\"style\"),\"height\"===t.message?(1e3<(r=parseInt(t.value,10))?r=1e3:~~r<200&&(r=200),s.height=r):\"link\"===t.message&&(r=new URL(s.getAttribute(\"src\")),n=new URL(t.value),c.test(n.protocol))&&n.host===r.host&&l.activeElement===s&&(d.top.location.href=t.value))}},d.addEventListener(\"message\",d.wp.receiveEmbedMessage,!1),l.addEventListener(\"DOMContentLoaded\",function(){for(var e,t,s=l.querySelectorAll(\"iframe.wp-embedded-content\"),r=0;r<s.length;r++)(t=(e=s[r]).getAttribute(\"data-secret\"))||(t=Math.random().toString(36).substring(2,12),e.src+=\"#?secret=\"+t,e.setAttribute(\"data-secret\",t)),e.contentWindow.postMessage({message:\"ready\",secret:t},\"*\")},!1)))}(window,document);\n\/\/# sourceURL=https:\/\/fracs.aero\/wp-includes\/js\/wp-embed.min.js\n\/* ]]> *\/\n<\/script>\n","thumbnail_url":"https:\/\/fracs.aero\/wp-content\/uploads\/2018\/07\/Recrutement.jpg","thumbnail_width":700,"thumbnail_height":300,"description":"Recherche un permanent pour 3 ans au sein de DSNA Services Charg\u00e9 de projet et responsable qualit\u00e9 Lire la fiche de poste et les modalit\u00e9s pour postuler ici Date limite de candidature le 31 janvier 2015 \u00e0 18h."}

Recherchons un chargé de projet et responsable qualité - France Aviation Civile Services

<blockquote class="wp-embedded-content" data-secret="XZhPUTRohp"><a href="https://fracs.aero/fr/2015/01/05/recherchons-un-charge-de-projet-et-responsable-qualite/">Recherchons un chargé de projet et responsable qualité</a></blockquote><iframe sandbox="allow-scripts" security="restricted" src="https://fracs.aero/fr/2015/01/05/recherchons-un-charge-de-projet-et-responsable-qualite/embed/#?secret=XZhPUTRohp" width="600" height="338" title="« Recherchons un chargé de projet et responsable qualité » &#8212; France Aviation Civile Services" data-secret="XZhPUTRohp" frameborder="0" marginwidth="0" marginheight="0" scrolling="no" class="wp-embedded-content"></iframe><script type="text/javascript">
/* <![CDATA[ */
/*! This file is auto-generated */
!function(d,l){"use strict";l.querySelector&&d.addEventListener&&"undefined"!=typeof URL&&(d.wp=d.wp||{},d.wp.receiveEmbedMessage||(d.wp.receiveEmbedMessage=function(e){var t=e.data;if((t||t.secret||t.message||t.value)&&!/[^a-zA-Z0-9]/.test(t.secret)){for(var s,r,n,a=l.querySelectorAll('iframe[data-secret="'+t.secret+'"]'),o=l.querySelectorAll('blockquote[data-secret="'+t.secret+'"]'),c=new RegExp("^https?:$","i"),i=0;i<o.length;i++)o[i].style.display="none";for(i=0;i<a.length;i++)s=a[i],e.source===s.contentWindow&&(s.removeAttribute("style"),"height"===t.message?(1e3<(r=parseInt(t.value,10))?r=1e3:~~r<200&&(r=200),s.height=r):"link"===t.message&&(r=new URL(s.getAttribute("src")),n=new URL(t.value),c.test(n.protocol))&&n.host===r.host&&l.activeElement===s&&(d.top.location.href=t.value))}},d.addEventListener("message",d.wp.receiveEmbedMessage,!1),l.addEventListener("DOMContentLoaded",function(){for(var e,t,s=l.querySelectorAll("iframe.wp-embedded-content"),r=0;r<s.length;r++)(t=(e=s[r]).getAttribute("data-secret"))||(t=Math.random().toString(36).substring(2,12),e.src+="#?secret="+t,e.setAttribute("data-secret",t)),e.contentWindow.postMessage({message:"ready",secret:t},"*")},!1)))}(window,document);
//# sourceURL=https://fracs.aero/wp-includes/js/wp-embed.min.js
/* ]]> */
</script>

Recherche un permanent pour 3 ans au sein de DSNA Services Chargé de projet et responsable qualité Lire la fiche de poste et les modalités pour postuler ici Date limite de candidature le 31 janvier 2015 à 18h.
