{"version":"1.0","provider_name":"France Aviation Civile Services","provider_url":"https:\/\/fracs.aero\/fr\/","title":"Airspace World 2023 - France Aviation Civile Services","type":"rich","width":600,"height":338,"html":"<blockquote class=\"wp-embedded-content\" data-secret=\"FekeCj67uw\"><a href=\"https:\/\/fracs.aero\/fr\/2023\/03\/24\/airspace-world-2023\/\">Airspace World 2023<\/a><\/blockquote><iframe sandbox=\"allow-scripts\" security=\"restricted\" src=\"https:\/\/fracs.aero\/fr\/2023\/03\/24\/airspace-world-2023\/embed\/#?secret=FekeCj67uw\" width=\"600\" height=\"338\" title=\"\u00ab\u00a0Airspace World 2023\u00a0\u00bb &#8212; France Aviation Civile Services\" data-secret=\"FekeCj67uw\" frameborder=\"0\" marginwidth=\"0\" marginheight=\"0\" scrolling=\"no\" class=\"wp-embedded-content\"><\/iframe><script type=\"text\/javascript\">\n\/* <![CDATA[ *\/\n\/*! This file is auto-generated *\/\n!function(d,l){\"use strict\";l.querySelector&&d.addEventListener&&\"undefined\"!=typeof URL&&(d.wp=d.wp||{},d.wp.receiveEmbedMessage||(d.wp.receiveEmbedMessage=function(e){var t=e.data;if((t||t.secret||t.message||t.value)&&!\/[^a-zA-Z0-9]\/.test(t.secret)){for(var s,r,n,a=l.querySelectorAll('iframe[data-secret=\"'+t.secret+'\"]'),o=l.querySelectorAll('blockquote[data-secret=\"'+t.secret+'\"]'),c=new RegExp(\"^https?:$\",\"i\"),i=0;i<o.length;i++)o[i].style.display=\"none\";for(i=0;i<a.length;i++)s=a[i],e.source===s.contentWindow&&(s.removeAttribute(\"style\"),\"height\"===t.message?(1e3<(r=parseInt(t.value,10))?r=1e3:~~r<200&&(r=200),s.height=r):\"link\"===t.message&&(r=new URL(s.getAttribute(\"src\")),n=new URL(t.value),c.test(n.protocol))&&n.host===r.host&&l.activeElement===s&&(d.top.location.href=t.value))}},d.addEventListener(\"message\",d.wp.receiveEmbedMessage,!1),l.addEventListener(\"DOMContentLoaded\",function(){for(var e,t,s=l.querySelectorAll(\"iframe.wp-embedded-content\"),r=0;r<s.length;r++)(t=(e=s[r]).getAttribute(\"data-secret\"))||(t=Math.random().toString(36).substring(2,12),e.src+=\"#?secret=\"+t,e.setAttribute(\"data-secret\",t)),e.contentWindow.postMessage({message:\"ready\",secret:t},\"*\")},!1)))}(window,document);\n\/\/# sourceURL=https:\/\/fracs.aero\/wp-includes\/js\/wp-embed.min.js\n\/* ]]> *\/\n<\/script>\n","thumbnail_url":"https:\/\/fracs.aero\/wp-content\/uploads\/2023\/03\/Entete-Airspace.jpg","thumbnail_width":705,"thumbnail_height":332,"description":"Connaissez-vous le \u00abAirspace World\u00bb? C\u2019est le nouveau \u00abWorld ATM Congress\u00bb \u00e0 Gen\u00e8ve au lieu de Madrid. Gros changement! Nous avions pris l\u2019option tr\u00e8s t\u00f4t avec la DSNA et l\u2019ENAC de participer \u00e0 cet \u00e9v\u00e9nement. Comme \u00e0 Madrid, nous partagions un stand nouvellement refait pour l\u2019occasion. Alors, que dire de cette session 2023 ? Moins de [&hellip;]"}

Connaissez-vous le «Airspace World»? C’est le nouveau «World ATM Congress» à Genève au lieu de Madrid. Gros changement! Nous avions pris l’option très tôt avec la DSNA et l’ENAC de participer à cet événement. Comme à Madrid, nous partagions un stand nouvellement refait pour l’occasion. Alors, que dire de cette session 2023 ? Moins de [&hellip;]
