{"version":"1.0","provider_name":"France Aviation Civile Services","provider_url":"https:\/\/fracs.aero\/fr\/","title":"ATD: Mot de l\u2019Equipe - France Aviation Civile Services","type":"rich","width":600,"height":338,"html":"<blockquote class=\"wp-embedded-content\" data-secret=\"26tQwcDitN\"><a href=\"https:\/\/fracs.aero\/fr\/2025\/10\/23\/atd-mot-de-lequipe\/\">ATD: Mot de l\u2019Equipe<\/a><\/blockquote><iframe sandbox=\"allow-scripts\" security=\"restricted\" src=\"https:\/\/fracs.aero\/fr\/2025\/10\/23\/atd-mot-de-lequipe\/embed\/#?secret=26tQwcDitN\" width=\"600\" height=\"338\" title=\"\u00ab\u00a0ATD: Mot de l\u2019Equipe\u00a0\u00bb &#8212; France Aviation Civile Services\" data-secret=\"26tQwcDitN\" frameborder=\"0\" marginwidth=\"0\" marginheight=\"0\" scrolling=\"no\" class=\"wp-embedded-content\"><\/iframe><script type=\"text\/javascript\">\n\/* <![CDATA[ *\/\n\/*! This file is auto-generated *\/\n!function(d,l){\"use strict\";l.querySelector&&d.addEventListener&&\"undefined\"!=typeof URL&&(d.wp=d.wp||{},d.wp.receiveEmbedMessage||(d.wp.receiveEmbedMessage=function(e){var t=e.data;if((t||t.secret||t.message||t.value)&&!\/[^a-zA-Z0-9]\/.test(t.secret)){for(var s,r,n,a=l.querySelectorAll('iframe[data-secret=\"'+t.secret+'\"]'),o=l.querySelectorAll('blockquote[data-secret=\"'+t.secret+'\"]'),c=new RegExp(\"^https?:$\",\"i\"),i=0;i<o.length;i++)o[i].style.display=\"none\";for(i=0;i<a.length;i++)s=a[i],e.source===s.contentWindow&&(s.removeAttribute(\"style\"),\"height\"===t.message?(1e3<(r=parseInt(t.value,10))?r=1e3:~~r<200&&(r=200),s.height=r):\"link\"===t.message&&(r=new URL(s.getAttribute(\"src\")),n=new URL(t.value),c.test(n.protocol))&&n.host===r.host&&l.activeElement===s&&(d.top.location.href=t.value))}},d.addEventListener(\"message\",d.wp.receiveEmbedMessage,!1),l.addEventListener(\"DOMContentLoaded\",function(){for(var e,t,s=l.querySelectorAll(\"iframe.wp-embedded-content\"),r=0;r<s.length;r++)(t=(e=s[r]).getAttribute(\"data-secret\"))||(t=Math.random().toString(36).substring(2,12),e.src+=\"#?secret=\"+t,e.setAttribute(\"data-secret\",t)),e.contentWindow.postMessage({message:\"ready\",secret:t},\"*\")},!1)))}(window,document);\n\/\/# sourceURL=https:\/\/fracs.aero\/wp-includes\/js\/wp-embed.min.js\n\/* ]]> *\/\n<\/script>\n","thumbnail_url":"https:\/\/fracs.aero\/wp-content\/uploads\/2025\/10\/Entete-ATD-MotEquipe.jpg","thumbnail_width":705,"thumbnail_height":332,"description":"Nous approchons \u00e0 grands pas de la fin de 2025, une ann\u00e9e pleine de renouvellement pour notre service ATD. Ce trimestre, notre bulletin consacre son \u00e9dition aux principaux flux de trafic europ\u00e9ens en 2024, \u00e0 travers les analyses issues de nos bases de donn\u00e9es historiques. S\u2019appuyant sur quarante ans d\u2019exp\u00e9rience dans le domaine de la [&hellip;]"}

Nous approchons à grands pas de la fin de 2025, une année pleine de renouvellement pour notre service ATD. Ce trimestre, notre bulletin consacre son édition aux principaux flux de trafic européens en 2024, à travers les analyses issues de nos bases de données historiques. S’appuyant sur quarante ans d’expérience dans le domaine de la [&hellip;]
