{"id":6576,"date":"2024-10-03T21:53:57","date_gmt":"2024-10-03T19:53:57","guid":{"rendered":"https:\/\/fracs.aero\/andrea-vaysse-garcia\/"},"modified":"2024-10-03T21:53:57","modified_gmt":"2024-10-03T19:53:57","slug":"andrea-vaysse-garcia","status":"publish","type":"page","link":"https:\/\/fracs.aero\/fr\/andrea-vaysse-garcia\/","title":{"rendered":"Andr\u00e9a VAYSSE GARCIA"},"content":{"rendered":"<div  class='flex_column av-m1au8i1a-a1bd8e8144bddcfe2901d9b810ec0f8b av_one_fourth  avia-builder-el-0  el_before_av_three_fourth  avia-builder-el-first  first flex_column_div  '     ><section  class='avia-team-member av-m1audvv7-f4c9c95eb44bbd359bfb15d57caac7d6  avia-builder-el-1  avia-builder-el-no-sibling '  itemscope=\"itemscope\" itemtype=\"https:\/\/schema.org\/Person\" ><div class=\"team-img-container\"><img decoding=\"async\" fetchpriority=\"high\" class='wp-image-5691 avia-img-lazy-loading-not-5691 avia_image avia_image_team' src=\"https:\/\/fracs.aero\/wp-content\/uploads\/2024\/04\/andrea.jpg\" alt=''  itemprop=\"image\"   height=\"400\" width=\"400\" srcset=\"https:\/\/fracs.aero\/wp-content\/uploads\/2024\/04\/andrea.jpg 400w, https:\/\/fracs.aero\/wp-content\/uploads\/2024\/04\/andrea-300x300.jpg 300w, https:\/\/fracs.aero\/wp-content\/uploads\/2024\/04\/andrea-80x80.jpg 80w, https:\/\/fracs.aero\/wp-content\/uploads\/2024\/04\/andrea-36x36.jpg 36w, https:\/\/fracs.aero\/wp-content\/uploads\/2024\/04\/andrea-180x180.jpg 180w\" sizes=\"(max-width: 400px) 100vw, 400px\" \/><div class=\"team-social\"><div class=\"team-social-inner\"><span class='hidden av_member_url_markup '  itemprop=\"email\" >mailto:andrea.vaysse-garcia@fracs.aero<\/span><a href='mailto:andrea.vaysse-garcia@fracs.aero' class='avia-team-icon av-m1aucl15-d518e2a8ce4eccedefa027a1d7bb8748 avia-iconfont avia-font-entypo-fontello' rel='v:url' data-avia-tooltip=\"Courriel\"  data-av_icon='\ue8b7' data-av_iconfont='entypo-fontello' ><\/a><span class='hidden av_member_url_markup linkedin'  itemprop=\"url\" >https:\/\/www.linkedin.com\/in\/andrea-vaysse-garcia-834a60219\/<\/span><a href='https:\/\/www.linkedin.com\/in\/andrea-vaysse-garcia-834a60219\/' class='avia-team-icon av-m1audswf-5140c461d729d3cb7d7002a69ff77e73 linkedin avia-iconfont avia-font-entypo-fontello' rel='v:url' data-avia-tooltip=\"LinkedIn\" target='_blank' data-av_icon='\ue8fc' data-av_iconfont='entypo-fontello' ><\/a><\/div><\/div><\/div><span class='hidden team-member-affiliation'  itemprop=\"affiliation\" >France Aviation Civile Services<\/span><\/section><\/div><div  class='flex_column av-2bjgxg-14e93ef0f512a07304f9a36baf166017 av_three_fourth  avia-builder-el-2  el_after_av_one_fourth  avia-builder-el-last  flex_column_div  '     ><section  class='av_textblock_section av-m1au6246-a9ad4f65fc33abe884d565abfc84203d '   itemscope=\"itemscope\" itemtype=\"https:\/\/schema.org\/CreativeWork\" ><div class='avia_textblock'  itemprop=\"text\" ><h3 class=\"team-member-name \">Andr\u00e9a VAYSSE GARCIA<\/h3>\n<h4>Assistante de Direction, gestion d\u2019entreprise<\/h4>\n<p>Andr\u00e9a est titulaire d\u2018un Brevet Technicien Sup\u00e9rieur en Gestion de la PME (Petite Moyenne Entreprise). Elle a rejoint l\u2019\u00e9quipe de France Aviation Civile Services en tant qu\u2018Assistante de Direction, gestion d\u2019entreprise. Sa mission comprend la gestion des dossiers techniques et du personnel, la pr\u00e9paration des missions des experts afin de leur garantir un d\u00e9placement dans de bonnes conditions, l\u2019organisation de divers \u00e9v\u00e9nements professionnels dans le monde et la participation \u00e0 la communication sur les r\u00e9seaux sociaux.<\/p>\n<\/div><\/section><br \/>\n<div  class='avia-button-wrap av-m1augxhu-b1a0fd3b3067a10bf2b04410b3f1f608-wrap avia-button-right  avia-builder-el-4  el_after_av_textblock  avia-builder-el-last '><a href='https:\/\/fracs.aero\/fr\/notre-entreprise\/#team'  class='avia-button av-m1augxhu-b1a0fd3b3067a10bf2b04410b3f1f608 av-link-btn avia-icon_select-yes-left-icon avia-size-small avia-position-right av-icon-on-hover avia-color-theme-color'   aria-label=\"Retour \u00e0 Notre entreprise\"><span class='avia_button_icon avia_button_icon_left avia-iconfont avia-font-entypo-fontello' data-av_icon='\ue875' data-av_iconfont='entypo-fontello' ><\/span><span class='avia_iconbox_title' >Retour \u00e0 Notre entreprise<\/span><\/a><\/div><\/p><\/div><\/p>\n","protected":false},"excerpt":{"rendered":"","protected":false},"author":1,"featured_media":0,"parent":0,"menu_order":0,"comment_status":"closed","ping_status":"closed","template":"","meta":{"cybocfi_hide_featured_image":"","footnotes":""},"class_list":["post-6576","page","type-page","status-publish","hentry"],"yoast_head":"<!-- This site is optimized with the Yoast SEO plugin v27.4 - https:\/\/yoast.com\/product\/yoast-seo-wordpress\/ -->\n<title>Andr\u00e9a VAYSSE GARCIA - France Aviation Civile Services<\/title>\n<meta name=\"robots\" content=\"index, follow, max-snippet:-1, max-image-preview:large, max-video-preview:-1\" \/>\n<link rel=\"canonical\" href=\"https:\/\/fracs.aero\/fr\/andrea-vaysse-garcia\/\" \/>\n<meta property=\"og:locale\" content=\"fr_FR\" \/>\n<meta property=\"og:type\" content=\"article\" \/>\n<meta property=\"og:title\" content=\"Andr\u00e9a VAYSSE GARCIA - France Aviation Civile Services\" \/>\n<meta property=\"og:url\" content=\"https:\/\/fracs.aero\/fr\/andrea-vaysse-garcia\/\" \/>\n<meta property=\"og:site_name\" content=\"France Aviation Civile Services\" \/>\n<meta name=\"twitter:card\" content=\"summary_large_image\" \/>\n<meta name=\"twitter:site\" content=\"@fracsaero\" \/>\n<meta name=\"twitter:label1\" content=\"Dur\u00e9e de lecture estim\u00e9e\" \/>\n\t<meta name=\"twitter:data1\" content=\"8 minutes\" \/>\n<script type=\"application\/ld+json\" class=\"yoast-schema-graph\">{\"@context\":\"https:\\\/\\\/schema.org\",\"@graph\":[{\"@type\":\"WebPage\",\"@id\":\"https:\\\/\\\/fracs.aero\\\/fr\\\/andrea-vaysse-garcia\\\/\",\"url\":\"https:\\\/\\\/fracs.aero\\\/fr\\\/andrea-vaysse-garcia\\\/\",\"name\":\"Andr\u00e9a VAYSSE GARCIA - France Aviation Civile Services\",\"isPartOf\":{\"@id\":\"https:\\\/\\\/fracs.aero\\\/fr\\\/#website\"},\"datePublished\":\"2024-10-03T19:53:57+00:00\",\"breadcrumb\":{\"@id\":\"https:\\\/\\\/fracs.aero\\\/fr\\\/andrea-vaysse-garcia\\\/#breadcrumb\"},\"inLanguage\":\"fr-FR\",\"potentialAction\":[{\"@type\":\"ReadAction\",\"target\":[\"https:\\\/\\\/fracs.aero\\\/fr\\\/andrea-vaysse-garcia\\\/\"]}]},{\"@type\":\"BreadcrumbList\",\"@id\":\"https:\\\/\\\/fracs.aero\\\/fr\\\/andrea-vaysse-garcia\\\/#breadcrumb\",\"itemListElement\":[{\"@type\":\"ListItem\",\"position\":1,\"name\":\"Home\",\"item\":\"https:\\\/\\\/fracs.aero\\\/fr\\\/\"},{\"@type\":\"ListItem\",\"position\":2,\"name\":\"Andr\u00e9a VAYSSE GARCIA\"}]},{\"@type\":\"WebSite\",\"@id\":\"https:\\\/\\\/fracs.aero\\\/fr\\\/#website\",\"url\":\"https:\\\/\\\/fracs.aero\\\/fr\\\/\",\"name\":\"France Aviation Civile Services\",\"description\":\"France Aviation Civile Services\",\"publisher\":{\"@id\":\"https:\\\/\\\/fracs.aero\\\/fr\\\/#organization\"},\"potentialAction\":[{\"@type\":\"SearchAction\",\"target\":{\"@type\":\"EntryPoint\",\"urlTemplate\":\"https:\\\/\\\/fracs.aero\\\/fr\\\/?s={search_term_string}\"},\"query-input\":{\"@type\":\"PropertyValueSpecification\",\"valueRequired\":true,\"valueName\":\"search_term_string\"}}],\"inLanguage\":\"fr-FR\"},{\"@type\":\"Organization\",\"@id\":\"https:\\\/\\\/fracs.aero\\\/fr\\\/#organization\",\"name\":\"France Aviation Civile Services\",\"url\":\"https:\\\/\\\/fracs.aero\\\/fr\\\/\",\"logo\":{\"@type\":\"ImageObject\",\"inLanguage\":\"fr-FR\",\"@id\":\"https:\\\/\\\/fracs.aero\\\/fr\\\/#\\\/schema\\\/logo\\\/image\\\/\",\"url\":\"https:\\\/\\\/fracs.aero\\\/wp-content\\\/uploads\\\/2019\\\/08\\\/FRACS-for-web-1.png\",\"contentUrl\":\"https:\\\/\\\/fracs.aero\\\/wp-content\\\/uploads\\\/2019\\\/08\\\/FRACS-for-web-1.png\",\"width\":340,\"height\":156,\"caption\":\"France Aviation Civile Services\"},\"image\":{\"@id\":\"https:\\\/\\\/fracs.aero\\\/fr\\\/#\\\/schema\\\/logo\\\/image\\\/\"},\"sameAs\":[\"https:\\\/\\\/x.com\\\/fracsaero\",\"https:\\\/\\\/www.linkedin.com\\\/company\\\/fracs\\\/\"]}]}<\/script>\n<!-- \/ Yoast SEO plugin. -->","yoast_head_json":{"title":"Andr\u00e9a VAYSSE GARCIA - France Aviation Civile Services","robots":{"index":"index","follow":"follow","max-snippet":"max-snippet:-1","max-image-preview":"max-image-preview:large","max-video-preview":"max-video-preview:-1"},"canonical":"https:\/\/fracs.aero\/fr\/andrea-vaysse-garcia\/","og_locale":"fr_FR","og_type":"article","og_title":"Andr\u00e9a VAYSSE GARCIA - France Aviation Civile Services","og_url":"https:\/\/fracs.aero\/fr\/andrea-vaysse-garcia\/","og_site_name":"France Aviation Civile Services","twitter_card":"summary_large_image","twitter_site":"@fracsaero","twitter_misc":{"Dur\u00e9e de lecture estim\u00e9e":"8 minutes"},"schema":{"@context":"https:\/\/schema.org","@graph":[{"@type":"WebPage","@id":"https:\/\/fracs.aero\/fr\/andrea-vaysse-garcia\/","url":"https:\/\/fracs.aero\/fr\/andrea-vaysse-garcia\/","name":"Andr\u00e9a VAYSSE GARCIA - France Aviation Civile Services","isPartOf":{"@id":"https:\/\/fracs.aero\/fr\/#website"},"datePublished":"2024-10-03T19:53:57+00:00","breadcrumb":{"@id":"https:\/\/fracs.aero\/fr\/andrea-vaysse-garcia\/#breadcrumb"},"inLanguage":"fr-FR","potentialAction":[{"@type":"ReadAction","target":["https:\/\/fracs.aero\/fr\/andrea-vaysse-garcia\/"]}]},{"@type":"BreadcrumbList","@id":"https:\/\/fracs.aero\/fr\/andrea-vaysse-garcia\/#breadcrumb","itemListElement":[{"@type":"ListItem","position":1,"name":"Home","item":"https:\/\/fracs.aero\/fr\/"},{"@type":"ListItem","position":2,"name":"Andr\u00e9a VAYSSE GARCIA"}]},{"@type":"WebSite","@id":"https:\/\/fracs.aero\/fr\/#website","url":"https:\/\/fracs.aero\/fr\/","name":"France Aviation Civile Services","description":"France Aviation Civile Services","publisher":{"@id":"https:\/\/fracs.aero\/fr\/#organization"},"potentialAction":[{"@type":"SearchAction","target":{"@type":"EntryPoint","urlTemplate":"https:\/\/fracs.aero\/fr\/?s={search_term_string}"},"query-input":{"@type":"PropertyValueSpecification","valueRequired":true,"valueName":"search_term_string"}}],"inLanguage":"fr-FR"},{"@type":"Organization","@id":"https:\/\/fracs.aero\/fr\/#organization","name":"France Aviation Civile Services","url":"https:\/\/fracs.aero\/fr\/","logo":{"@type":"ImageObject","inLanguage":"fr-FR","@id":"https:\/\/fracs.aero\/fr\/#\/schema\/logo\/image\/","url":"https:\/\/fracs.aero\/wp-content\/uploads\/2019\/08\/FRACS-for-web-1.png","contentUrl":"https:\/\/fracs.aero\/wp-content\/uploads\/2019\/08\/FRACS-for-web-1.png","width":340,"height":156,"caption":"France Aviation Civile Services"},"image":{"@id":"https:\/\/fracs.aero\/fr\/#\/schema\/logo\/image\/"},"sameAs":["https:\/\/x.com\/fracsaero","https:\/\/www.linkedin.com\/company\/fracs\/"]}]}},"_links":{"self":[{"href":"https:\/\/fracs.aero\/fr\/wp-json\/wp\/v2\/pages\/6576","targetHints":{"allow":["GET"]}}],"collection":[{"href":"https:\/\/fracs.aero\/fr\/wp-json\/wp\/v2\/pages"}],"about":[{"href":"https:\/\/fracs.aero\/fr\/wp-json\/wp\/v2\/types\/page"}],"author":[{"embeddable":true,"href":"https:\/\/fracs.aero\/fr\/wp-json\/wp\/v2\/users\/1"}],"replies":[{"embeddable":true,"href":"https:\/\/fracs.aero\/fr\/wp-json\/wp\/v2\/comments?post=6576"}],"version-history":[{"count":2,"href":"https:\/\/fracs.aero\/fr\/wp-json\/wp\/v2\/pages\/6576\/revisions"}],"predecessor-version":[{"id":6578,"href":"https:\/\/fracs.aero\/fr\/wp-json\/wp\/v2\/pages\/6576\/revisions\/6578"}],"wp:attachment":[{"href":"https:\/\/fracs.aero\/fr\/wp-json\/wp\/v2\/media?parent=6576"}],"curies":[{"name":"wp","href":"https:\/\/api.w.org\/{rel}","templated":true}]}}

Andréa VAYSSE GARCIA

<div  class='flex_column av-m1au8i1a-a1bd8e8144bddcfe2901d9b810ec0f8b av_one_fourth  avia-builder-el-0  el_before_av_three_fourth  avia-builder-el-first  first flex_column_div  '     ><section  class='avia-team-member av-m1audvv7-f4c9c95eb44bbd359bfb15d57caac7d6  avia-builder-el-1  avia-builder-el-no-sibling '  itemscope="itemscope" itemtype="https://schema.org/Person" ><div class="team-img-container"><img decoding="async" fetchpriority="high" class='wp-image-5691 avia-img-lazy-loading-not-5691 avia_image avia_image_team' src="https://fracs.aero/wp-content/uploads/2024/04/andrea.jpg" alt=''  itemprop="image"   height="400" width="400" srcset="https://fracs.aero/wp-content/uploads/2024/04/andrea.jpg 400w, https://fracs.aero/wp-content/uploads/2024/04/andrea-300x300.jpg 300w, https://fracs.aero/wp-content/uploads/2024/04/andrea-80x80.jpg 80w, https://fracs.aero/wp-content/uploads/2024/04/andrea-36x36.jpg 36w, https://fracs.aero/wp-content/uploads/2024/04/andrea-180x180.jpg 180w" sizes="(max-width: 400px) 100vw, 400px" /><div class="team-social"><div class="team-social-inner"><span class='hidden av_member_url_markup '  itemprop="email" >mailto:andrea.vaysse-garcia@fracs.aero</span><a href='mailto:andrea.vaysse-garcia@fracs.aero' class='avia-team-icon av-m1aucl15-d518e2a8ce4eccedefa027a1d7bb8748 avia-iconfont avia-font-entypo-fontello' rel='v:url' data-avia-tooltip="Courriel"  data-av_icon='' data-av_iconfont='entypo-fontello' ></a><span class='hidden av_member_url_markup linkedin'  itemprop="url" >https://www.linkedin.com/in/andrea-vaysse-garcia-834a60219/</span><a href='https://www.linkedin.com/in/andrea-vaysse-garcia-834a60219/' class='avia-team-icon av-m1audswf-5140c461d729d3cb7d7002a69ff77e73 linkedin avia-iconfont avia-font-entypo-fontello' rel='v:url' data-avia-tooltip="LinkedIn" target='_blank' data-av_icon='' data-av_iconfont='entypo-fontello' ></a></div></div></div><span class='hidden team-member-affiliation'  itemprop="affiliation" >France Aviation Civile Services</span></section></div><div  class='flex_column av-2bjgxg-14e93ef0f512a07304f9a36baf166017 av_three_fourth  avia-builder-el-2  el_after_av_one_fourth  avia-builder-el-last  flex_column_div  '     ><section  class='av_textblock_section av-m1au6246-a9ad4f65fc33abe884d565abfc84203d '   itemscope="itemscope" itemtype="https://schema.org/CreativeWork" ><div class='avia_textblock'  itemprop="text" ><h3 class="team-member-name ">Andréa VAYSSE GARCIA</h3>
<h4>Assistante de Direction, gestion d’entreprise</h4>
<p>Andréa est titulaire d‘un Brevet Technicien Supérieur en Gestion de la PME (Petite Moyenne Entreprise). Elle a rejoint l’équipe de France Aviation Civile Services en tant qu‘Assistante de Direction, gestion d’entreprise. Sa mission comprend la gestion des dossiers techniques et du personnel, la préparation des missions des experts afin de leur garantir un déplacement dans de bonnes conditions, l’organisation de divers événements professionnels dans le monde et la participation à la communication sur les réseaux sociaux.</p>
</div></section><br />
<div  class='avia-button-wrap av-m1augxhu-b1a0fd3b3067a10bf2b04410b3f1f608-wrap avia-button-right  avia-builder-el-4  el_after_av_textblock  avia-builder-el-last '><a href='https://fracs.aero/fr/notre-entreprise/#team'  class='avia-button av-m1augxhu-b1a0fd3b3067a10bf2b04410b3f1f608 av-link-btn avia-icon_select-yes-left-icon avia-size-small avia-position-right av-icon-on-hover avia-color-theme-color'   aria-label="Retour à Notre entreprise"><span class='avia_button_icon avia_button_icon_left avia-iconfont avia-font-entypo-fontello' data-av_icon='' data-av_iconfont='entypo-fontello' ></span><span class='avia_iconbox_title' >Retour à Notre entreprise</span></a></div></p></div></p>

<!-- This site is optimized with the Yoast SEO plugin v27.4 - https://yoast.com/product/yoast-seo-wordpress/ -->
<title>Andréa VAYSSE GARCIA - France Aviation Civile Services</title>
<meta name="robots" content="index, follow, max-snippet:-1, max-image-preview:large, max-video-preview:-1" />
<link rel="canonical" href="https://fracs.aero/fr/andrea-vaysse-garcia/" />
<meta property="og:locale" content="fr_FR" />
<meta property="og:type" content="article" />
<meta property="og:title" content="Andréa VAYSSE GARCIA - France Aviation Civile Services" />
<meta property="og:url" content="https://fracs.aero/fr/andrea-vaysse-garcia/" />
<meta property="og:site_name" content="France Aviation Civile Services" />
<meta name="twitter:card" content="summary_large_image" />
<meta name="twitter:site" content="@fracsaero" />
<meta name="twitter:label1" content="Durée de lecture estimée" />
	<meta name="twitter:data1" content="8 minutes" />
<script type="application/ld+json" class="yoast-schema-graph">{"@context":"https:\/\/schema.org","@graph":[{"@type":"WebPage","@id":"https:\/\/fracs.aero\/fr\/andrea-vaysse-garcia\/","url":"https:\/\/fracs.aero\/fr\/andrea-vaysse-garcia\/","name":"Andréa VAYSSE GARCIA - France Aviation Civile Services","isPartOf":{"@id":"https:\/\/fracs.aero\/fr\/#website"},"datePublished":"2024-10-03T19:53:57+00:00","breadcrumb":{"@id":"https:\/\/fracs.aero\/fr\/andrea-vaysse-garcia\/#breadcrumb"},"inLanguage":"fr-FR","potentialAction":[{"@type":"ReadAction","target":["https:\/\/fracs.aero\/fr\/andrea-vaysse-garcia\/"]}]},{"@type":"BreadcrumbList","@id":"https:\/\/fracs.aero\/fr\/andrea-vaysse-garcia\/#breadcrumb","itemListElement":[{"@type":"ListItem","position":1,"name":"Home","item":"https:\/\/fracs.aero\/fr\/"},{"@type":"ListItem","position":2,"name":"Andréa VAYSSE GARCIA"}]},{"@type":"WebSite","@id":"https:\/\/fracs.aero\/fr\/#website","url":"https:\/\/fracs.aero\/fr\/","name":"France Aviation Civile Services","description":"France Aviation Civile Services","publisher":{"@id":"https:\/\/fracs.aero\/fr\/#organization"},"potentialAction":[{"@type":"SearchAction","target":{"@type":"EntryPoint","urlTemplate":"https:\/\/fracs.aero\/fr\/?s={search_term_string}"},"query-input":{"@type":"PropertyValueSpecification","valueRequired":true,"valueName":"search_term_string"}}],"inLanguage":"fr-FR"},{"@type":"Organization","@id":"https:\/\/fracs.aero\/fr\/#organization","name":"France Aviation Civile Services","url":"https:\/\/fracs.aero\/fr\/","logo":{"@type":"ImageObject","inLanguage":"fr-FR","@id":"https:\/\/fracs.aero\/fr\/#\/schema\/logo\/image\/","url":"https:\/\/fracs.aero\/wp-content\/uploads\/2019\/08\/FRACS-for-web-1.png","contentUrl":"https:\/\/fracs.aero\/wp-content\/uploads\/2019\/08\/FRACS-for-web-1.png","width":340,"height":156,"caption":"France Aviation Civile Services"},"image":{"@id":"https:\/\/fracs.aero\/fr\/#\/schema\/logo\/image\/"},"sameAs":["https:\/\/x.com\/fracsaero","https:\/\/www.linkedin.com\/company\/fracs\/"]}]}</script>
<!-- / Yoast SEO plugin. -->

Andréa VAYSSE GARCIA - France Aviation Civile Services
