{"id":6600,"date":"2024-10-03T22:02:42","date_gmt":"2024-10-03T20:02:42","guid":{"rendered":"https:\/\/fracs.aero\/mehrdad-farzin-pour\/"},"modified":"2024-10-03T22:02:42","modified_gmt":"2024-10-03T20:02:42","slug":"mehrdad-farzin-pour","status":"publish","type":"page","link":"https:\/\/fracs.aero\/fr\/mehrdad-farzin-pour\/","title":{"rendered":"Mehrdad FARZIN POUR"},"content":{"rendered":"<div  class='flex_column av-m1au8i1a-a1bd8e8144bddcfe2901d9b810ec0f8b av_one_fourth  avia-builder-el-0  el_before_av_three_fourth  avia-builder-el-first  first flex_column_div  '     ><section  class='avia-team-member av-m1audvv7-e51279431738f51f42731c7f3588b108  avia-builder-el-1  avia-builder-el-no-sibling '  itemscope=\"itemscope\" itemtype=\"https:\/\/schema.org\/Person\" ><div class=\"team-img-container\"><img decoding=\"async\" fetchpriority=\"high\" class='wp-image-5000 avia-img-lazy-loading-not-5000 avia_image avia_image_team' src=\"https:\/\/fracs.aero\/wp-content\/uploads\/2022\/05\/mehrad.jpg\" alt=''  itemprop=\"image\"   height=\"400\" width=\"400\" srcset=\"https:\/\/fracs.aero\/wp-content\/uploads\/2022\/05\/mehrad.jpg 400w, https:\/\/fracs.aero\/wp-content\/uploads\/2022\/05\/mehrad-300x300.jpg 300w, https:\/\/fracs.aero\/wp-content\/uploads\/2022\/05\/mehrad-80x80.jpg 80w, https:\/\/fracs.aero\/wp-content\/uploads\/2022\/05\/mehrad-36x36.jpg 36w, https:\/\/fracs.aero\/wp-content\/uploads\/2022\/05\/mehrad-180x180.jpg 180w\" sizes=\"(max-width: 400px) 100vw, 400px\" \/><div class=\"team-social\"><div class=\"team-social-inner\"><span class='hidden av_member_url_markup '  itemprop=\"email\" >mailto:mehrdad.farzinpour@fracs.aero<\/span><a href='mailto:mehrdad.farzinpour@fracs.aero' class='avia-team-icon av-m1aucl15-1ed366865d9cf8d5b76a2a27b680cef9 avia-iconfont avia-font-entypo-fontello' rel='v:url' data-avia-tooltip=\"Courriel\"  data-av_icon='\ue8b7' data-av_iconfont='entypo-fontello' ><\/a><span class='hidden av_member_url_markup linkedin'  itemprop=\"url\" >https:\/\/www.linkedin.com\/in\/mehrdad-farzinpour-309399115\/<\/span><a href='https:\/\/www.linkedin.com\/in\/mehrdad-farzinpour-309399115\/' class='avia-team-icon av-m1audswf-535ea93df006434a50c781c36a800610 linkedin avia-iconfont avia-font-entypo-fontello' rel='v:url' data-avia-tooltip=\"LinkedIn\" target='_blank' data-av_icon='\ue8fc' data-av_iconfont='entypo-fontello' ><\/a><\/div><\/div><\/div><span class='hidden team-member-affiliation'  itemprop=\"affiliation\" >France Aviation Civile Services<\/span><\/section><\/div><div  class='flex_column av-2bjgxg-14e93ef0f512a07304f9a36baf166017 av_three_fourth  avia-builder-el-2  el_after_av_one_fourth  avia-builder-el-last  flex_column_div  '     ><section  class='av_textblock_section av-m1au6246-a9ad4f65fc33abe884d565abfc84203d '   itemscope=\"itemscope\" itemtype=\"https:\/\/schema.org\/CreativeWork\" ><div class='avia_textblock'  itemprop=\"text\" ><h3 class=\"team-member-name \">Mehrdad FARZIN POUR<\/h3>\n<h4>Expert bases de donn\u00e9es<\/h4>\n<p>Mehrdad s\u2019est sp\u00e9cialis\u00e9 dans le transport a\u00e9rien et plus particuli\u00e8rement dans l\u2019\u00e9volution et l\u2019analyse des donn\u00e9es qu\u2019il suit depuis de nombreuses ann\u00e9es. En 1986, il cr\u00e9e les bases de donn\u00e9es Air Transport Data pour rassembler les r\u00e9sultats de trafic de l\u2019aviation commerciale mondiale. FRACS reprend la gestion des bases ATD en 2019 et Mehrdad rejoint donc notre l\u2019\u00e9quipe afin d\u2019assurer le transfert et apporter son expertise en mati\u00e8re de statistiques du transport a\u00e9rien.<\/p>\n<\/div><\/section><br \/>\n<div  class='avia-button-wrap av-m1augxhu-b1a0fd3b3067a10bf2b04410b3f1f608-wrap avia-button-right  avia-builder-el-4  el_after_av_textblock  avia-builder-el-last '><a href='https:\/\/fracs.aero\/fr\/notre-entreprise\/#team'  class='avia-button av-m1augxhu-b1a0fd3b3067a10bf2b04410b3f1f608 av-link-btn avia-icon_select-yes-left-icon avia-size-small avia-position-right av-icon-on-hover avia-color-theme-color'   aria-label=\"Retour \u00e0 Notre entreprise\"><span class='avia_button_icon avia_button_icon_left avia-iconfont avia-font-entypo-fontello' data-av_icon='\ue875' data-av_iconfont='entypo-fontello' ><\/span><span class='avia_iconbox_title' >Retour \u00e0 Notre entreprise<\/span><\/a><\/div><\/p><\/div><\/p>\n","protected":false},"excerpt":{"rendered":"","protected":false},"author":1,"featured_media":0,"parent":0,"menu_order":0,"comment_status":"closed","ping_status":"closed","template":"","meta":{"cybocfi_hide_featured_image":"","footnotes":""},"class_list":["post-6600","page","type-page","status-publish","hentry"],"yoast_head":"<!-- This site is optimized with the Yoast SEO plugin v27.4 - https:\/\/yoast.com\/product\/yoast-seo-wordpress\/ -->\n<title>Mehrdad FARZIN POUR - France Aviation Civile Services<\/title>\n<meta name=\"robots\" content=\"index, follow, max-snippet:-1, max-image-preview:large, max-video-preview:-1\" \/>\n<link rel=\"canonical\" href=\"https:\/\/fracs.aero\/fr\/mehrdad-farzin-pour\/\" \/>\n<meta property=\"og:locale\" content=\"fr_FR\" \/>\n<meta property=\"og:type\" content=\"article\" \/>\n<meta property=\"og:title\" content=\"Mehrdad FARZIN POUR - France Aviation Civile Services\" \/>\n<meta property=\"og:url\" content=\"https:\/\/fracs.aero\/fr\/mehrdad-farzin-pour\/\" \/>\n<meta property=\"og:site_name\" content=\"France Aviation Civile Services\" \/>\n<meta name=\"twitter:card\" content=\"summary_large_image\" \/>\n<meta name=\"twitter:site\" content=\"@fracsaero\" \/>\n<meta name=\"twitter:label1\" content=\"Dur\u00e9e de lecture estim\u00e9e\" \/>\n\t<meta name=\"twitter:data1\" content=\"8 minutes\" \/>\n<script type=\"application\/ld+json\" class=\"yoast-schema-graph\">{\"@context\":\"https:\\\/\\\/schema.org\",\"@graph\":[{\"@type\":\"WebPage\",\"@id\":\"https:\\\/\\\/fracs.aero\\\/fr\\\/mehrdad-farzin-pour\\\/\",\"url\":\"https:\\\/\\\/fracs.aero\\\/fr\\\/mehrdad-farzin-pour\\\/\",\"name\":\"Mehrdad FARZIN POUR - France Aviation Civile Services\",\"isPartOf\":{\"@id\":\"https:\\\/\\\/fracs.aero\\\/fr\\\/#website\"},\"datePublished\":\"2024-10-03T20:02:42+00:00\",\"breadcrumb\":{\"@id\":\"https:\\\/\\\/fracs.aero\\\/fr\\\/mehrdad-farzin-pour\\\/#breadcrumb\"},\"inLanguage\":\"fr-FR\",\"potentialAction\":[{\"@type\":\"ReadAction\",\"target\":[\"https:\\\/\\\/fracs.aero\\\/fr\\\/mehrdad-farzin-pour\\\/\"]}]},{\"@type\":\"BreadcrumbList\",\"@id\":\"https:\\\/\\\/fracs.aero\\\/fr\\\/mehrdad-farzin-pour\\\/#breadcrumb\",\"itemListElement\":[{\"@type\":\"ListItem\",\"position\":1,\"name\":\"Home\",\"item\":\"https:\\\/\\\/fracs.aero\\\/fr\\\/\"},{\"@type\":\"ListItem\",\"position\":2,\"name\":\"Mehrdad FARZIN POUR\"}]},{\"@type\":\"WebSite\",\"@id\":\"https:\\\/\\\/fracs.aero\\\/fr\\\/#website\",\"url\":\"https:\\\/\\\/fracs.aero\\\/fr\\\/\",\"name\":\"France Aviation Civile Services\",\"description\":\"France Aviation Civile Services\",\"publisher\":{\"@id\":\"https:\\\/\\\/fracs.aero\\\/fr\\\/#organization\"},\"potentialAction\":[{\"@type\":\"SearchAction\",\"target\":{\"@type\":\"EntryPoint\",\"urlTemplate\":\"https:\\\/\\\/fracs.aero\\\/fr\\\/?s={search_term_string}\"},\"query-input\":{\"@type\":\"PropertyValueSpecification\",\"valueRequired\":true,\"valueName\":\"search_term_string\"}}],\"inLanguage\":\"fr-FR\"},{\"@type\":\"Organization\",\"@id\":\"https:\\\/\\\/fracs.aero\\\/fr\\\/#organization\",\"name\":\"France Aviation Civile Services\",\"url\":\"https:\\\/\\\/fracs.aero\\\/fr\\\/\",\"logo\":{\"@type\":\"ImageObject\",\"inLanguage\":\"fr-FR\",\"@id\":\"https:\\\/\\\/fracs.aero\\\/fr\\\/#\\\/schema\\\/logo\\\/image\\\/\",\"url\":\"https:\\\/\\\/fracs.aero\\\/wp-content\\\/uploads\\\/2019\\\/08\\\/FRACS-for-web-1.png\",\"contentUrl\":\"https:\\\/\\\/fracs.aero\\\/wp-content\\\/uploads\\\/2019\\\/08\\\/FRACS-for-web-1.png\",\"width\":340,\"height\":156,\"caption\":\"France Aviation Civile Services\"},\"image\":{\"@id\":\"https:\\\/\\\/fracs.aero\\\/fr\\\/#\\\/schema\\\/logo\\\/image\\\/\"},\"sameAs\":[\"https:\\\/\\\/x.com\\\/fracsaero\",\"https:\\\/\\\/www.linkedin.com\\\/company\\\/fracs\\\/\"]}]}<\/script>\n<!-- \/ Yoast SEO plugin. -->","yoast_head_json":{"title":"Mehrdad FARZIN POUR - France Aviation Civile Services","robots":{"index":"index","follow":"follow","max-snippet":"max-snippet:-1","max-image-preview":"max-image-preview:large","max-video-preview":"max-video-preview:-1"},"canonical":"https:\/\/fracs.aero\/fr\/mehrdad-farzin-pour\/","og_locale":"fr_FR","og_type":"article","og_title":"Mehrdad FARZIN POUR - France Aviation Civile Services","og_url":"https:\/\/fracs.aero\/fr\/mehrdad-farzin-pour\/","og_site_name":"France Aviation Civile Services","twitter_card":"summary_large_image","twitter_site":"@fracsaero","twitter_misc":{"Dur\u00e9e de lecture estim\u00e9e":"8 minutes"},"schema":{"@context":"https:\/\/schema.org","@graph":[{"@type":"WebPage","@id":"https:\/\/fracs.aero\/fr\/mehrdad-farzin-pour\/","url":"https:\/\/fracs.aero\/fr\/mehrdad-farzin-pour\/","name":"Mehrdad FARZIN POUR - France Aviation Civile Services","isPartOf":{"@id":"https:\/\/fracs.aero\/fr\/#website"},"datePublished":"2024-10-03T20:02:42+00:00","breadcrumb":{"@id":"https:\/\/fracs.aero\/fr\/mehrdad-farzin-pour\/#breadcrumb"},"inLanguage":"fr-FR","potentialAction":[{"@type":"ReadAction","target":["https:\/\/fracs.aero\/fr\/mehrdad-farzin-pour\/"]}]},{"@type":"BreadcrumbList","@id":"https:\/\/fracs.aero\/fr\/mehrdad-farzin-pour\/#breadcrumb","itemListElement":[{"@type":"ListItem","position":1,"name":"Home","item":"https:\/\/fracs.aero\/fr\/"},{"@type":"ListItem","position":2,"name":"Mehrdad FARZIN POUR"}]},{"@type":"WebSite","@id":"https:\/\/fracs.aero\/fr\/#website","url":"https:\/\/fracs.aero\/fr\/","name":"France Aviation Civile Services","description":"France Aviation Civile Services","publisher":{"@id":"https:\/\/fracs.aero\/fr\/#organization"},"potentialAction":[{"@type":"SearchAction","target":{"@type":"EntryPoint","urlTemplate":"https:\/\/fracs.aero\/fr\/?s={search_term_string}"},"query-input":{"@type":"PropertyValueSpecification","valueRequired":true,"valueName":"search_term_string"}}],"inLanguage":"fr-FR"},{"@type":"Organization","@id":"https:\/\/fracs.aero\/fr\/#organization","name":"France Aviation Civile Services","url":"https:\/\/fracs.aero\/fr\/","logo":{"@type":"ImageObject","inLanguage":"fr-FR","@id":"https:\/\/fracs.aero\/fr\/#\/schema\/logo\/image\/","url":"https:\/\/fracs.aero\/wp-content\/uploads\/2019\/08\/FRACS-for-web-1.png","contentUrl":"https:\/\/fracs.aero\/wp-content\/uploads\/2019\/08\/FRACS-for-web-1.png","width":340,"height":156,"caption":"France Aviation Civile Services"},"image":{"@id":"https:\/\/fracs.aero\/fr\/#\/schema\/logo\/image\/"},"sameAs":["https:\/\/x.com\/fracsaero","https:\/\/www.linkedin.com\/company\/fracs\/"]}]}},"_links":{"self":[{"href":"https:\/\/fracs.aero\/fr\/wp-json\/wp\/v2\/pages\/6600","targetHints":{"allow":["GET"]}}],"collection":[{"href":"https:\/\/fracs.aero\/fr\/wp-json\/wp\/v2\/pages"}],"about":[{"href":"https:\/\/fracs.aero\/fr\/wp-json\/wp\/v2\/types\/page"}],"author":[{"embeddable":true,"href":"https:\/\/fracs.aero\/fr\/wp-json\/wp\/v2\/users\/1"}],"replies":[{"embeddable":true,"href":"https:\/\/fracs.aero\/fr\/wp-json\/wp\/v2\/comments?post=6600"}],"version-history":[{"count":2,"href":"https:\/\/fracs.aero\/fr\/wp-json\/wp\/v2\/pages\/6600\/revisions"}],"predecessor-version":[{"id":6602,"href":"https:\/\/fracs.aero\/fr\/wp-json\/wp\/v2\/pages\/6600\/revisions\/6602"}],"wp:attachment":[{"href":"https:\/\/fracs.aero\/fr\/wp-json\/wp\/v2\/media?parent=6600"}],"curies":[{"name":"wp","href":"https:\/\/api.w.org\/{rel}","templated":true}]}}

<div  class='flex_column av-m1au8i1a-a1bd8e8144bddcfe2901d9b810ec0f8b av_one_fourth  avia-builder-el-0  el_before_av_three_fourth  avia-builder-el-first  first flex_column_div  '     ><section  class='avia-team-member av-m1audvv7-e51279431738f51f42731c7f3588b108  avia-builder-el-1  avia-builder-el-no-sibling '  itemscope="itemscope" itemtype="https://schema.org/Person" ><div class="team-img-container"><img decoding="async" fetchpriority="high" class='wp-image-5000 avia-img-lazy-loading-not-5000 avia_image avia_image_team' src="https://fracs.aero/wp-content/uploads/2022/05/mehrad.jpg" alt=''  itemprop="image"   height="400" width="400" srcset="https://fracs.aero/wp-content/uploads/2022/05/mehrad.jpg 400w, https://fracs.aero/wp-content/uploads/2022/05/mehrad-300x300.jpg 300w, https://fracs.aero/wp-content/uploads/2022/05/mehrad-80x80.jpg 80w, https://fracs.aero/wp-content/uploads/2022/05/mehrad-36x36.jpg 36w, https://fracs.aero/wp-content/uploads/2022/05/mehrad-180x180.jpg 180w" sizes="(max-width: 400px) 100vw, 400px" /><div class="team-social"><div class="team-social-inner"><span class='hidden av_member_url_markup '  itemprop="email" >mailto:mehrdad.farzinpour@fracs.aero</span><a href='mailto:mehrdad.farzinpour@fracs.aero' class='avia-team-icon av-m1aucl15-1ed366865d9cf8d5b76a2a27b680cef9 avia-iconfont avia-font-entypo-fontello' rel='v:url' data-avia-tooltip="Courriel"  data-av_icon='' data-av_iconfont='entypo-fontello' ></a><span class='hidden av_member_url_markup linkedin'  itemprop="url" >https://www.linkedin.com/in/mehrdad-farzinpour-309399115/</span><a href='https://www.linkedin.com/in/mehrdad-farzinpour-309399115/' class='avia-team-icon av-m1audswf-535ea93df006434a50c781c36a800610 linkedin avia-iconfont avia-font-entypo-fontello' rel='v:url' data-avia-tooltip="LinkedIn" target='_blank' data-av_icon='' data-av_iconfont='entypo-fontello' ></a></div></div></div><span class='hidden team-member-affiliation'  itemprop="affiliation" >France Aviation Civile Services</span></section></div><div  class='flex_column av-2bjgxg-14e93ef0f512a07304f9a36baf166017 av_three_fourth  avia-builder-el-2  el_after_av_one_fourth  avia-builder-el-last  flex_column_div  '     ><section  class='av_textblock_section av-m1au6246-a9ad4f65fc33abe884d565abfc84203d '   itemscope="itemscope" itemtype="https://schema.org/CreativeWork" ><div class='avia_textblock'  itemprop="text" ><h3 class="team-member-name ">Mehrdad FARZIN POUR</h3>
<h4>Expert bases de données</h4>
<p>Mehrdad s’est spécialisé dans le transport aérien et plus particulièrement dans l’évolution et l’analyse des données qu’il suit depuis de nombreuses années. En 1986, il crée les bases de données Air Transport Data pour rassembler les résultats de trafic de l’aviation commerciale mondiale. FRACS reprend la gestion des bases ATD en 2019 et Mehrdad rejoint donc notre l’équipe afin d’assurer le transfert et apporter son expertise en matière de statistiques du transport aérien.</p>
</div></section><br />
<div  class='avia-button-wrap av-m1augxhu-b1a0fd3b3067a10bf2b04410b3f1f608-wrap avia-button-right  avia-builder-el-4  el_after_av_textblock  avia-builder-el-last '><a href='https://fracs.aero/fr/notre-entreprise/#team'  class='avia-button av-m1augxhu-b1a0fd3b3067a10bf2b04410b3f1f608 av-link-btn avia-icon_select-yes-left-icon avia-size-small avia-position-right av-icon-on-hover avia-color-theme-color'   aria-label="Retour à Notre entreprise"><span class='avia_button_icon avia_button_icon_left avia-iconfont avia-font-entypo-fontello' data-av_icon='' data-av_iconfont='entypo-fontello' ></span><span class='avia_iconbox_title' >Retour à Notre entreprise</span></a></div></p></div></p>

<!-- This site is optimized with the Yoast SEO plugin v27.4 - https://yoast.com/product/yoast-seo-wordpress/ -->
<title>Mehrdad FARZIN POUR - France Aviation Civile Services</title>
<meta name="robots" content="index, follow, max-snippet:-1, max-image-preview:large, max-video-preview:-1" />
<link rel="canonical" href="https://fracs.aero/fr/mehrdad-farzin-pour/" />
<meta property="og:locale" content="fr_FR" />
<meta property="og:type" content="article" />
<meta property="og:title" content="Mehrdad FARZIN POUR - France Aviation Civile Services" />
<meta property="og:url" content="https://fracs.aero/fr/mehrdad-farzin-pour/" />
<meta property="og:site_name" content="France Aviation Civile Services" />
<meta name="twitter:card" content="summary_large_image" />
<meta name="twitter:site" content="@fracsaero" />
<meta name="twitter:label1" content="Durée de lecture estimée" />
	<meta name="twitter:data1" content="8 minutes" />
<script type="application/ld+json" class="yoast-schema-graph">{"@context":"https:\/\/schema.org","@graph":[{"@type":"WebPage","@id":"https:\/\/fracs.aero\/fr\/mehrdad-farzin-pour\/","url":"https:\/\/fracs.aero\/fr\/mehrdad-farzin-pour\/","name":"Mehrdad FARZIN POUR - France Aviation Civile Services","isPartOf":{"@id":"https:\/\/fracs.aero\/fr\/#website"},"datePublished":"2024-10-03T20:02:42+00:00","breadcrumb":{"@id":"https:\/\/fracs.aero\/fr\/mehrdad-farzin-pour\/#breadcrumb"},"inLanguage":"fr-FR","potentialAction":[{"@type":"ReadAction","target":["https:\/\/fracs.aero\/fr\/mehrdad-farzin-pour\/"]}]},{"@type":"BreadcrumbList","@id":"https:\/\/fracs.aero\/fr\/mehrdad-farzin-pour\/#breadcrumb","itemListElement":[{"@type":"ListItem","position":1,"name":"Home","item":"https:\/\/fracs.aero\/fr\/"},{"@type":"ListItem","position":2,"name":"Mehrdad FARZIN POUR"}]},{"@type":"WebSite","@id":"https:\/\/fracs.aero\/fr\/#website","url":"https:\/\/fracs.aero\/fr\/","name":"France Aviation Civile Services","description":"France Aviation Civile Services","publisher":{"@id":"https:\/\/fracs.aero\/fr\/#organization"},"potentialAction":[{"@type":"SearchAction","target":{"@type":"EntryPoint","urlTemplate":"https:\/\/fracs.aero\/fr\/?s={search_term_string}"},"query-input":{"@type":"PropertyValueSpecification","valueRequired":true,"valueName":"search_term_string"}}],"inLanguage":"fr-FR"},{"@type":"Organization","@id":"https:\/\/fracs.aero\/fr\/#organization","name":"France Aviation Civile Services","url":"https:\/\/fracs.aero\/fr\/","logo":{"@type":"ImageObject","inLanguage":"fr-FR","@id":"https:\/\/fracs.aero\/fr\/#\/schema\/logo\/image\/","url":"https:\/\/fracs.aero\/wp-content\/uploads\/2019\/08\/FRACS-for-web-1.png","contentUrl":"https:\/\/fracs.aero\/wp-content\/uploads\/2019\/08\/FRACS-for-web-1.png","width":340,"height":156,"caption":"France Aviation Civile Services"},"image":{"@id":"https:\/\/fracs.aero\/fr\/#\/schema\/logo\/image\/"},"sameAs":["https:\/\/x.com\/fracsaero","https:\/\/www.linkedin.com\/company\/fracs\/"]}]}</script>
<!-- / Yoast SEO plugin. -->
